y 29.
4
What is the remainder when 527 is divided by 8?
7
Calculate the remainder when 139 is divided by 37.
28
What is the remainder when 122 is divided by 14?
10
What is the remainder when 449 is divided by 67?
47
Calculate the remainder when 99 is divided by 44.
11
What is the remainder when 1124 is divided by 25?
24
What is the remainder when 758 is divided by 28?
2
What is the remainder when 242 is divided by 134?
108
Calculate the remainder when 897 is divided by 75.
72
What is the remainder when 125 is divided by 9?
8
Calculate the remainder when 396 is divided by 81.
72
What is the remainder when 54 is divided by 21?
12
Calculate the remainder when 675 is divided by 47.
17
Calculate the remainder when 1749 is divided by 44.
33
What is the remainder when 2927 is divided by 97?
17
What is the remainder when 202 is divided by 26?
20
Calculate the remainder when 563 is divided by 143.
134
Calculate the remainder when 13328 is divided by 62.
60
What is the remainder when 86 is divided by 30?
26
What is the remainder when 7865 is divided by 17?
11
Calculate the remainder when 399 is divided by 109.
72
What is the remainder when 56 is divided by 12?
8
Calculate the remainder when 2291 is divided by 570.
11
Calculate the remainder when 3592 is divided by 36.
28
What is the remainder when 313 is divided by 91?
40
What is the remainder when 369 is divided by 10?
9
Calculate the remainder when 96 is divided by 43.
10
What is the remainder when 23830 is divided by 36?
34
Calculate the remainder when 290 is divided by 122.
46
What is the remainder when 522 is divided by 512?
10
What is the remainder when 1438 is divided by 235?
28
What is the remainder when 1877 is divided by 911?
55
Calculate the remainder when 925 is divided by 33.
1
Calculate the remainder when 37 is divided by 22.
15
What is the remainder when 238 is divided by 24?
22
What is the remainder when 89 is divided by 70?
19
What is the remainder when 1010 is divided by 205?
190
Calculate the remainder when 480 is divided by 107.
52
What is the remainder when 3711 is divided by 233?
216
Calculate the remainder when 827 is divided by 117.
8
Calculate the remainder when 442 is divided by 120.
82
What is the remainder when 824 is divided by 18?
14
What is the remainder when 61 is divided by 8?
5
What is the remainder when 356 is divided by 143?
70
What is the remainder when 255 is divided by 236?
19
Calculate the remainder when 84 is divided by 30.
24
Calculate the remainder when 147 is divided by 15.
12
Calculate the remainder when 303 is divided by 27.
6
Calculate the remainder when 118 is divided by 12.
10
What is the remainder when 1179 is divided by 63?
45
What is the remainder when 1290 is divided by 24?
18
Calculate the remainder when 6798 is divided by 16.
14
Calculate the remainder when 1020 is divided by 263.
231
Calculate the remainder when 538 is divided by 4.
2
Calculate the remainder when 3475 is divided by 94.
91
Calculate the remainder when 94 is divided by 2.
0
What is the remainder when 1259 is divided by 407?
38
What is the remainder when 3534 is divided by 58?
54
What is the remainder when 417 is divided by 102?
9
Calculate the remainder when 3533 is divided by 253.
244
What is the remainder when 4272 is divided by 285?
282
Calculate the remainder when 5174 is divided by 4.
2
What is the remainder when 59 is divided by 33?
26
Calculate the remainder when 146 is divided by 50.
46
Calculate the remainder when 771 is divided by 97.
92
Calculate the remainder when 19759 is divided by 304.
303
Calculate the remainder when 3844 is divided by 154.
148
Calculate the remainder when 497 is divided by 18.
11
What is the remainder when 290 is divided by 31?
11
Calculate the remainder when 65 is divided by 2.
1
What is the remainder when 683 is divided by 18?
17
What is the remainder when 420 is divided by 351?
69
What is the remainder when 1142 is divided by 104?
102
What is the remainder when 540 is divided by 294?
246
What is the remainder when 18 is divided by 5?
3
Calculate the remainder when 1843 is divided by 5.
3
Calculate the remainder when 221 is divided by 62.
35
Calculate the remainder when 1064 is divided by 31.
10
What is the remainder when 517 is divided by 25?
17
What is the remainder when 416 is divided by 53?
45
Calculate the remainder when 370 is divided by 93.
91
What is the remainder when 151 is divided by 39?
34
What is the remainder when 3414 is divided by 28?
26
What is the remainder when 173 is divided by 20?
13
What is the remainder when 757 is divided by 23?
21
Calculate the remainder when 205 is divided by 4.
1
What is the remainder when 380 is divided by 56?
44
Calculate the remainder when 1422 is divided by 19.
16
Calculate the remainder when 320 is divided by 66.
56
Calculate the remainder when 95 is divided by 21.
11
What is the remainder when 266 is divided by 51?
11
Calculate the remainder when 1272 is divided by 128.
120
Calculate the remainder when 41 is divided by 4.
1
What is the remainder when 325 is divided by 93?
46
Calculate the remainder when 306 is divided by 28.
26
Calculate the remainder when 2830 is divided by 149.
148
Calculate the remainder when 304 is divided by 260.
44
Calculate the remainder when 14 is divided by 7.
0
Calculate the remainder when 64 is divided by 38.
26
What is the remainder when 49 is divided by 9?
4
Calculate the remainder when 389 is divided by 66.
59
What is the remainder when 530 is divided by 38?
36
Calculate the remainder when 656 is divided by 269.
118
Calculate the remainder when 93 is divided by 16.
13
What is the remainder when 11 is divided by 5?
1
What is the remainder when 286 is divided by 98?
90
What is the remainder when 1067 is divided by 22?
11
Calculate the remainder when 165 is divided by 48.
21
Calculate the remainder when 1494 is divided by 5.
4
What is the remainder when 111 is divided by 61?
50
Calculate the remainder when 948 is divided by 282.
102
What is the remainder when 1055 is divided by 99?
65
Calculate the remainder when 501 is divided by 13.
7
Calculate the remainder when 600 is divided by 55.
50
What is the remainder when 74 is divided by 19?
17
What is the remainder when 574 is divided by 9?
7
What is the remainder when 1192 is divided by 75?
67
Calculate the remainder when 535 is divided by 43.
19
Calculate the remainder when 348 is divided by 92.
72
What is the remainder when 422 is divided by 100?
22
Calculate the remainder when 285 is divided by 66.
21
Calculate the remainder when 3362 is divided by 1119.
5
What is the remainder when 17960 is divided by 18?
14
What is the remainder when 347 is divided by 25?
22
What is the remainder when 6112 is divided by 133?
127
Calculate the remainder when 343 is divided by 95.
58
Calculate the remainder when 527 is divided by 90.
77
What is the remainder when 16997 is divided by 85?
82
Calculate the remainder when 74 is divided by 66.
8
Calculate the remainder when 117 is divided by 13.
0
What is the remainder when 66897 is divided by 403?
402
Calculate the remainder when 221 is divided by 39.
26
What is the remainder when 703 is divided by 8?
7
Calculate the remainder when 6738 is divided by 21.
18
Calculate the remainder when 82 is divided by 52.
30
What is the remainder when 1006 is divided by 36?
34
Calculate the remainder when 87 is divided by 86.
1
Calculate the remainder when 330 is divided by 113.
104
What is the remainder when 2223 is divided by 14?
11
What is the remainder when 1229 is divided by 22?
19
Calculate the remainder when 1942 is divided by 36.
34
What is the remainder when 2051 is divided by 17?
11
What is the remainder when 308 is divided by 109?
90
What is the remainder when 263 is divided by 67?
62
Calculate the remainder when 213 is divided by 75.
63
Calculate the remainder when 346 is divided by 87.
85
Calculate the remainder when 448 is divided by 65.
58
Calculate the remainder when 253 is divided by 67.
52
Calculate the remainder when 48 is divided by 1.
0
Calculate the remainder when 2155 is divided by 14.
13
What is the remainder when 130 is divided by 7?
4
Calculate the remainder when 499 is divided by 14.
9
Calculate the remainder when 167 is divided by 42.
41
Calculate the remainder when 352 is di